of 12 and 159.
3
Calculate the highest common divisor of 848 and 256.
16
What is the greatest common divisor of 3 and 3?
3
Calculate the highest common factor of 21 and 177.
3
What is the highest common factor of 48 and 11496?
24
What is the greatest common divisor of 46 and 92?
46
What is the greatest common factor of 78 and 39?
39
Calculate the greatest common factor of 42 and 9555.
21
Calculate the highest common divisor of 204 and 48.
12
Calculate the greatest common divisor of 164 and 4.
4
Calculate the highest common factor of 85 and 391.
17
What is the highest common divisor of 324 and 12?
12
What is the greatest common factor of 473 and 86?
43
What is the highest common divisor of 132 and 948?
12
What is the highest common divisor of 400 and 16?
16
Calculate the greatest common divisor of 120 and 24.
24
What is the highest common factor of 20 and 190?
10
Calculate the highest common divisor of 114 and 3819.
57
What is the highest common divisor of 16 and 30?
2
What is the highest common factor of 1170 and 2574?
234
Calculate the highest common divisor of 345 and 10.
5
Calculate the highest common divisor of 414 and 171.
9
What is the greatest common divisor of 1716 and 24?
12
What is the highest common divisor of 4 and 14?
2
What is the highest common factor of 40 and 1410?
10
What is the greatest common divisor of 1072 and 80?
16
Calculate the highest common factor of 52 and 468.
52
Calculate the highest common divisor of 24 and 132.
12
Calculate the highest common factor of 110 and 80.
10
Calculate the highest common factor of 46 and 184.
46
What is the greatest common divisor of 1185 and 11455?
395
What is the greatest common divisor of 35 and 994?
7
Calculate the highest common divisor of 604 and 128.
4
Calculate the highest common divisor of 78 and 12.
6
Calculate the highest common divisor of 129 and 24.
3
What is the greatest common factor of 205 and 7913?
41
What is the greatest common divisor of 30 and 465?
15
What is the highest common divisor of 81 and 153?
9
What is the greatest common factor of 49 and 12593?
49
What is the highest common factor of 268 and 201?
67
What is the greatest common factor of 1 and 201?
1
Calculate the highest common divisor of 175 and 280.
35
Calculate the greatest common factor of 36 and 2034.
18
Calculate the highest common factor of 3601 and 13.
13
What is the highest common divisor of 223 and 1?
1
What is the highest common divisor of 1108 and 277?
277
Calculate the greatest common divisor of 20 and 145.
5
Calculate the highest common factor of 2565 and 133.
19
Calculate the highest common divisor of 416 and 96.
32
Calculate the highest common divisor of 51 and 8857.
17
Calculate the greatest common divisor of 54 and 141.
3
Calculate the greatest common factor of 237 and 6.
3
What is the greatest common factor of 104 and 3692?
52
Calculate the highest common divisor of 12 and 81.
3
Calculate the highest common divisor of 180 and 4.
4
Calculate the greatest common factor of 119 and 49.
7
What is the greatest common divisor of 5460 and 840?
420
What is the greatest common factor of 1313 and 13?
13
What is the greatest common factor of 37860 and 10?
10
What is the highest common divisor of 640 and 360?
40
What is the greatest common divisor of 82 and 36?
2
Calculate the highest common factor of 30 and 1179.
3
What is the greatest common divisor of 91 and 8554?
91
Calculate the highest common factor of 155 and 6541.
31
Calculate the greatest common factor of 21 and 70833.
21
What is the greatest common factor of 4480 and 105?
35
What is the greatest common divisor of 2268 and 196?
28
Calculate the greatest common divisor of 900 and 270.
90
What is the highest common divisor of 176 and 33?
11
Calculate the highest common factor of 272 and 68.
68
What is the highest common divisor of 2057 and 17?
17
What is the highest common divisor of 148 and 4?
4
What is the highest common factor of 2106 and 1296?
162
Calculate the highest common factor of 1608 and 603.
201
Calculate the highest common divisor of 315 and 665.
35
What is the highest common divisor of 6867 and 189?
63
What is the greatest common divisor of 1955 and 323?
17
Calculate the greatest common factor of 13 and 403.
13
What is the highest common factor of 11690 and 70?
70
Calculate the greatest common factor of 2088 and 48.
24
What is the highest common divisor of 162 and 90?
18
Calculate the highest common divisor of 5047 and 103.
103
What is the greatest common divisor of 19525 and 25?
25
What is the highest common divisor of 169 and 286?
13
What is the highest common factor of 126 and 56?
14
Calculate the highest common divisor of 22 and 2453.
11
What is the highest common divisor of 9 and 1359?
9
What is the greatest common factor of 4477 and 259?
37
What is the highest common factor of 18 and 7173?
9
What is the greatest common factor of 10 and 70?
10
Calculate the greatest common factor of 112 and 512.
16
What is the highest common factor of 1207 and 136?
17
Calculate the greatest common factor of 15 and 243.
3
What is the greatest common factor of 180 and 30?
30
What is the highest common factor of 16 and 2744?
8
Calculate the highest common divisor of 51 and 6154.
17
What is the highest common factor of 81 and 171?
9
Calculate the highest common factor of 34 and 2652.
34
What is the highest common divisor of 38 and 2?
2
What is the greatest common factor of 22 and 566?
2
Calculate the highest common divisor of 14 and 20.
2
Calculate the highest common factor of 17629 and 61.
61
Calculate the highest common factor of 611 and 169.
13
What is the greatest common divisor of 188 and 1175?
47
Calculate the greatest common divisor of 427 and 61.
61
Calculate the highest common divisor of 55 and 253.
11
What is the highest common factor of 280 and 24?
8
Calculate the highest common divisor of 1071 and 63.
63
What is the greatest common divisor of 90 and 24?
6
What is the greatest common factor of 10619 and 41?
41
What is the greatest common factor of 33 and 1419?
33
What is the highest common factor of 60 and 260?
20
What is the greatest common divisor of 256 and 5?
1
Calculate the highest common divisor of 159 and 2173.
53
Calculate the greatest common divisor of 696 and 7482.
174
What is the greatest common factor of 81 and 54?
27
What is the highest common divisor of 18144 and 486?
162
Calculate the greatest common divisor of 182 and 28.
14
What is the highest common divisor of 4466 and 22?
22
Calculate the greatest common divisor of 279 and 248.
31
Calculate the highest common divisor of 1233 and 18.
9
What is the greatest common divisor of 1479 and 153?
51
Calculate the highest common factor of 76665 and 285.
285
What is the greatest common divisor of 630 and 405?
45
What is the greatest common factor of 396 and 12?
12
Calculate the greatest common divisor of 2816 and 33.
11
What is the highest common factor of 13950 and 150?
150
Calculate the greatest common divisor of 52 and 884.
52
Calculate the highest common factor of 8879 and 52.
13
What is the highest common factor of 88 and 33?
11
What is the greatest common divisor of 59 and 1711?
59
Calculate the greatest common factor of 1517 and 82.
41
Calculate the greatest common divisor of 69 and 2875.
23
What is the greatest common factor of 180 and 342?
18
What is the highest common factor of 49 and 91?
7
Calculate the greatest common divisor of 171 and 133.
19
What is the highest common divisor of 7 and 7903?
7
What is the greatest common divisor of 144 and 747?
9
What is the highest common factor of 224 and 1680?
112
What is the highest common factor of 1715 and 3920?
245
Calculate the highest common factor of 31 and 186.
31
Calculate the greatest common divisor of 146822 and 26.
26
Calculate the highest common factor of 14041 and 19.
19
Calculate the greatest common divisor of 28741 and 123.
41
What is the highest common factor of 164 and 8?
4
Calculate the greatest common factor of 12 and 39648.
12
Calculate the highest common divisor of 1 and 1.
1
What is the greatest common divisor of 178 and 1424?
178
Calculate the greatest common divisor of 51 and 4029.
51
Calculate the highest common divisor of 2 and 6.
2
Calculate the highest common divisor of 654 and 22.
2
What is the h